 = w**2 - 4*w - 3. List the prime factors of j(x).
2, 3
Let c = 143 + -154. Let p(q) = 3 - 1 - 12*q + 4 + 10*q**2 + q**3. What are the prime factors of p(c)?
17
Let y(m) = m**2 + m. Let o be y(-2). Suppose -41 = -o*f + 5*c, 0 = -3*f + 5*c - 22 + 71. What are the prime factors of f?
2
What are the prime factors of (142/(-3))/(4 - (-746)/(-186))?
2, 31, 71
Suppose -5*b - 1 = -16. Let r be 242/(-33)*1*b. Let j = -1 - r. List the prime factors of j.
3, 7
Suppose 0 = -5*a + 2*a + 87. Suppose 4*l - a = 23. What are the prime factors of l?
13
Let m(y) = y + 14. Let l be (0 + -1)/((-1)/(-25)). Let r = l - -18. What are the prime factors of m(r)?
7
Let a(o) = -o**3 + 3*o**2 - o + 3. Let x be a(3). Suppose x = -3*f + 4*f - 5*c - 5, -2*c + 10 = 2*f. Let w = f - 3. List the prime factors of w.
2
Let m(d) = -d**3 + 7*d**2 + d - 2. Suppose v = 8*v - 49. Let f be m(v). Suppose -k = n - 39, f*k + 0*n = 3*n + 187. What are the prime factors of k?
2, 19
Let a = -6 - -4. Let v = a + 4. Suppose 0 = -2*m - f + 14, -v*m - 3*m = -f - 21. List the prime factors of m.
5
Suppose 3*z - 642 = -2*q, 0 = q - 5*z - 59 - 262. What are the prime factors of q?
3, 107
Let c(a) = -a**2 + 6*a - 15. Let z be c(6). Let k = -11 - z. Suppose 0 = -k*f + 220 - 32. What are the prime factors of f?
47
What are the prime factors of 35/49 - 212032/(-56)?
7, 541
Let w(p) = -685*p**3 + 3*p**2 + 9*p + 6. What are the prime factors of w(-1)?
5, 137
Let k = 9 + 6. Suppose 4*r + 135 = 3*y - 80, 0 = 3*r + k. What are the prime factors of y?
5, 13
Let h be (1416/9)/((-4)/(-6)). What are the prime factors of (4 + h/(-8))*-2?
3, 17
Suppose 0 = 3*s - 12, -2*o + 5*o - 2*s - 214 = 0. What are the prime factors of o?
2, 37
Suppose -c + 4*s + 1559 = 0, 4649 = 3*c - 11*s + 6*s. List the prime factors of c.
1543
Suppose 0 = 2*r + 50 - 20. List the prime factors of 23*(1/3 + (-40)/r).
3, 23
Let k = 39 + -93. Let o = 333 + k. Suppose -89 + o = 5*d. List the prime factors of d.
2, 19
List the prime factors of (-2912)/(-40)*105/6.
2, 7, 13
Suppose -9 = 3*w - 6*w. Suppose 0 = w*p + r + 10, 26 = -0*p - 4*p + 5*r. What are the prime factors of 9*6/(-8)*p?
3
Suppose 3*c = c + 14. Let i(f) be the second derivative of f**3/6 + 15*f**2/2 - 18*f + 5. List the prime factors of i(c).
2, 11
Suppose -3*a + 9 - 27 = 0. What are the prime factors of 2*(1 + (-9)/a)?
5
Suppose 25 = 5*f - 5*p, -2 - 10 = -3*f + 2*p. Let a(h) = -h**3 - 3*h**2 + 5*h - 133 + 139 - 4*h**f. List the prime factors of a(-8).
2, 3, 5
Let g(j) = j**2 + 6. Let k = -2 + 11. List the prime factors of g(k).
3, 29
Suppose 2*m - g - 7 = 5, 3*m - 4 = -2*g. Let j be m/(-22) - (-46)/11. Suppose -j*i + 5*v = 4*v - 109, 5*v = 4*i - 97. List the prime factors of i.
2, 7
Suppose -2872 = 7*n - 11*n. What are the prime factors of n?
2, 359
Let l = 795 - 407. What are the prime factors of l?
2, 97
Let g = -9 - -12. Suppose 0 = -k - g*k. Suppose 0*x = -4*x + 20, 3*b + x - 74 = k. What are the prime factors of b?
23
Suppose -65 = -115*m + 102*m. What are the prime factors of m?
5
Suppose 0 = 5*i - 2*i - 63. Suppose -16*x = -i*x + 445. List the prime factors of x.
89
Suppose -26*g + 46129 - 473 = 0. What are the prime factors of g?
2, 439
Let n = 8 - 3. Let w be ((-2)/(-6))/((-6)/(-126)). Suppose -n*j = -w*j + 72. List the prime factors of j.
2, 3
Let q(j) = -j**3 - 4*j**2 - 4*j - 6. Let r be q(-3). Let o(k) = -k**3 + k**2 - 3*k - 5. List the prime factors of o(r).
2, 5
Let r = 240 + -140. What are the prime factors of r?
2, 5
Let n = 322 - 282. What are the prime factors of n?
2, 5
Let p = 2344 + -1074. List the prime factors of p.
2, 5, 127
Let b(l) = -l**3 + 24*l**2 - 34*l + 41. List the prime factors of b(21).
2, 5, 13
Suppose -5*i + 3234 = 1329. What are the prime factors of i?
3, 127
Suppose 132 = 3*h - 255. Let g = h + -40. List the prime factors of g.
89
Suppose -5*u - 2*t = -346, -3*t = -3*u - 4*t + 208. Let j be 2 - (-13)/(-2)*-4. Let g = u - j. What are the prime factors of g?
2, 3, 7
Suppose -5*i + 34 = -21. Suppose 0*m + 3*r + i = 4*m, m = 2*r - 1. Suppose -m*s + 8 + 32 = 0. List the prime factors of s.
2
List the prime factors of 1/(-5) - (363/5)/(-3).
2, 3
Let v = -13 + 23. Let y(r) = -r - r + 2*r + v*r. What are the prime factors of y(2)?
2, 5
Let q(o) = o + 10. Let z be 2/6 + (-19)/3. Let h be q(z). What are the prime factors of 108/h + -2 + -1?
2, 3
Let t = 8 - 33. Let p = -28 - t. Let j(w) = 3*w**2 - w - 3. What are the prime factors of j(p)?
3
Let j be -2*62/(-4)*-42. Let f be 4/(-7) - j/49. Let x = f - 20. What are the prime factors of x?
2, 3
Let k(t) = 3*t**2 - 21*t - 4. What are the prime factors of k(19)?
2, 5, 17
Suppose 5*t + k - 1 = 0, 0*t = 3*t - 3*k + 3. Let u = 226 + -152. Suppose -4*s + u - 2 = t. List the prime factors of s.
2, 3
Let d(c) be the third derivative of c**4/24 + 3*c**2. Let m be d(5). Let g = 20 - m. List the prime factors of g.
3, 5
Let w = 37 + -33. Suppose 2*k = -4*s + 4 + 8, -w*s = 3*k - 12. What are the prime factors of k + 3/((-9)/(-6))?
2
Let c(x) = -5*x + 17. Let m be c(-6). List the prime factors of -1 + m - 8/(-2).
2, 5
Let o = 443 - 253. What are the prime factors of o?
2, 5, 19
Suppose 24 = 6*g - 72. Let n be -5*(6/15 - -2). Let q = n + g. List the prime factors of q.
2
Suppose -12*h - 244 = -1192. Let u = -65 + h. What are the prime factors of u?
2, 7
Let h = 425 + -335. List the prime factors of h.
2, 3, 5
Let b = 3 - -2. Suppose -4*w = 4*y, 0*y = b*w + 3*y - 8. Suppose s + 0*s - 4*q - 12 = 0, -q = w*s - 116. List the prime factors of s.
2, 7
Let f be ((-28)/6 - 0)*966/28. What are the prime factors of (f/(-35))/(0 + 1/5)?
23
Suppose -26 = -2*p + 24. Suppose 2*i = 5*f - 0*f + p, i + 5*f = -25. Suppose i = 4*q - q - 30. What are the prime factors of q?
2, 5
Suppose 13*m + 5280 = 35*m. What are the prime factors of m?
2, 3, 5
Let n = 162 - 76. List the prime factors of (6 - 0 - 2) + n.
2, 3, 5
Suppose 10*g - 8*g = 12. Let n be -110*g*2/(-8). Suppose 0*i = 3*i - n. List the prime factors of i.
5, 11
Suppose -v = -5*l - 1418, 11*l - 10*l = 4*v - 5672. List the prime factors of v.
2, 709
Suppose -z + 5*k = -26, 0 = -2*z - 4*k + 99 - 33. Suppose 3*a + a = 3*l + 37, -2*a = l - z. What are the prime factors of a?
13
Let c(a) = a - 5. Let y be c(3). Let r(p) = -p + 3. Let s(g) = g + 1. Let v(h) = y*r(h) + 10*s(h). List the prime factors of v(2).
2, 7
List the prime factors of 8/6*12540/64*20.
5, 11, 19
Let j(x) = -x**3 + 9*x**2 - 2*x + 6. Suppose 5*d - 4*b - 34 = 0, -2*d - b + 23 = 2*d. What are the prime factors of j(d)?
2, 3, 17
Let k = 718 - 501. What are the prime factors of k?
7, 31
Let s = -78 - -322. List the prime factors of s.
2, 61
Let m(h) = 7*h - 28. Let y(v) = 4*v - 14. Suppose 5*d = 3*o + 34, d + 0 = 2*o + 11. Let j(u) = d*y(u) - 3*m(u). List the prime factors of j(6).
2
Suppose -3*q + k = 1, -5*q = k + k + 9. What are the prime factors of (0/q - 1)*-35?
5, 7
Let r(v) = 3*v**2 + 29*v - 7. What are the prime factors of r(-11)?
37
Suppose -4*m + 1132 = u, -4*u - 5*m + 904 + 3679 = 0. List the prime factors of u.
2, 3
Let m be (3 - 1)/(-2) - 8. Let l = 12 + m. Suppose -l*d = -4*d + 10. List the prime factors of d.
2, 5
Let m(u) = 3*u**3 - 4*u**2 + 5*u - 3. Suppose p = -p - 2*l, 0 = 4*p + 3*l - 4. What are the prime factors of m(p)?
5, 29
Suppose 4*x = 14 - 2. List the prime factors of -9*x/((-12)/88).
2, 3, 11
Let g be 52/12 + 3/(-9). Let p(h) = 3*h**2 + h. Let t be p(2). Suppose -g + t = z. List the prime factors of z.
2, 5
What are the prime factors of (2072/24 + 6)/((-1)/(-15))?
5, 277
Let x = -52 - -31. Let n = x + 24. Suppose -f - 5*d = -20, -n*d - 12 = -f - 0*f. What are the prime factors of f?
3, 5
Let f(q) = -1500*q - 70. What are the prime factors of f(-4)?
2, 5, 593
Let g(z) = -2*z**3 - 4*z**2 - 3*z - 1. Let b be g(-2). Let x(d) = -b - 2*d**2 + 0*d**2 + 3*d**2 + 6*d. List the prime factors of x(-7).
2
Suppose 2*b + 3*k - 259 = -98, -4*b + 5*k = -355. List the prime factors of b.
5, 17
Suppose -3*t - 14*m + 15*m + 1829 = 0, -5*m + 631 = t. List the prime factors of t.
13, 47
Suppose -4*a - 25608 = -16*a. What are the prime factors of a?
2, 11, 97
Let k(z) = 13*z + 19. Let o be k(-7). Let s = -70 - o. List the prime factors of s.
2
Let n = -6 + 9. Suppose 4*r = -4*u + 132, -5*u - n*r = -4*r - 141. 